-62 - -99. Calculate the remainder when j is divided by d.
11
Suppose 6*u - 50 = u + 5*y, 3*y + 18 = u. Suppose -14 = 4*i + u, -40 = -5*a - 4*i. What is the remainder when a is divided by (4/(-16))/((-1)/28)?
5
Suppose -2*m + 5*m + 167 = 5*x, 5*x - 2*m - 163 = 0. Suppose 0*k = -5*k - 2*z + 59, k = 4*z + 3. What is the remainder when x is divided by k?
9
Let o be 1/2 - (-45)/10. Suppose o*n + 0*n = 80. What is the remainder when 45 is divided by n?
13
Suppose 13*a = 3*a + 240. What is the remainder when 38 is divided by a?
14
What is the remainder when 28 is divided by (-32)/(-2) - (0 + 1)?
13
Suppose -20 = -2*a - 4*y, -12 + 4 = -2*a - y. Calculate the remainder when 10 is divided by (-1)/a - (-28)/8.
1
Let m(s) = 2*s**2 + s - 1. Calculate the remainder when 18 is divided by m(-2).
3
Let g(y) = 26*y - 1. Let l be g(-2). Let v = -38 - l. What is the remainder when 27 is divided by v?
12
Suppose -3*j + 2*p = -124 - 45, -3*p = -3*j + 171. What is the remainder when j is divided by 15?
10
Let x(y) = -31*y + 5. Calculate the remainder when x(-3) is divided by 50.
48
Let m(a) = -a**2 - 7*a - 4. Let c be m(-8). What is the remainder when 12 is divided by (-2 - -5) + c/(-3)?
5
Suppose 0 = 3*m - 8*m. Suppose -2*x + m = z + 6, -3*x - 3 = z. Let k = 33 + z. What is the remainder when k is divided by 11?
10
Let y(b) = -2*b**3 - 2*b**2 + 3*b + 2. Let a = 1 + -3. Calculate the remainder when 11 is divided by y(a).
3
Suppose -u = -96 - 6. What is the remainder when u is divided by 35?
32
Suppose 0 = -6*b + 2*b + 8. Let t = 4 - b. Calculate the remainder when t is divided by 2.
0
Let y(w) = w**2 - 6*w + 3. Let c be y(5). What is the remainder when 50 is divided by 4 + c + -2 - -13?
11
Suppose 0 = 2*w + 5*f - 133, -3*w = -f - 101 - 124. What is the remainder when w is divided by 19?
17
Let d(x) = -3*x + 2. Let l = 22 - 4. Let m be (2/(-6))/(2/l). Calculate the remainder when 21 is divided by d(m).
10
Let x(o) = 7*o**2 - 4 + 5 + 3*o + o**2 - 4*o. Let r(m) = 7*m**2. Let i(c) = 4*r(c) - 3*x(c). Calculate the remainder when i(2) is divided by 10.
9
Let u(a) = -a**2 - 11*a - 4. What is the remainder when 11 is divided by u(-10)?
5
Suppose 3*s - 119 = -35. Let h = -11 + s. Calculate the remainder when 49 is divided by h.
15
Suppose 0*u = 3*u - 33. Calculate the remainder when (-81 - (4 + -3))/(-2) is divided by u.
8
Suppose 5*z - 198 + 3 = 5*i, 4*z - 154 = 2*i. Calculate the remainder when z is divided by 8.
6
Let m = -15 + 67. What is the remainder when m is divided by 11?
8
Let m(y) = y**2 - 5*y + 4. Let s be m(5). Suppose -3*u = 1 - s. Calculate the remainder when 1 is divided by u.
0
Let o = 16 + -11. Let s(n) = n**3 + 9*n**2 + 8*n + 9. What is the remainder when s(-8) is divided by o?
4
Let t = -55 - -60. Let l(j) = j + 19. What is the remainder when l(0) is divided by t?
4
Suppose -3*i = -40 + 7. Suppose 313 = 3*d - 0*s + 4*s, 0 = -2*d - 4*s + 206. Suppose -5*c = -53 - d. Calculate the remainder when c is divided by i.
10
Suppose -2*y - 1 - 1 = 0. Let h = y - 4. Let r(j) = j**3 + 4*j**2 - 6*j + 4. Calculate the remainder when 35 is divided by r(h).
8
Suppose 0 = -5*j - 4*q - q - 5, -q = 4. What is the remainder when 34 is divided by 132/16 - j/(-4)?
7
Suppose 19 = 2*k + 5*n, 3*k = -3*n - n + 18. Suppose k*w = 7*w - 55. Calculate the remainder when 21 is divided by w.
10
Let t(c) = -2*c**3 - c**2 - 3*c - 2. Suppose -v - 980 = -6*v. Suppose 3*i - v + 58 = 0. What is the remainder when i is divided by t(-2)?
14
Let h = 55 - 27. Calculate the remainder when 111 is divided by h.
27
Let y = 50 + -34. Calculate the remainder when 42 is divided by y.
10
Suppose -8*z = -7*z - 36. What is the remainder when z is divided by 19?
17
Let w = -4 - -9. Suppose -w*v - 3*a + 25 = -0*a, 2*v = 2*a + 10. Suppose -2*h = -2*t + 2, 0*t + 2*t + 2 = 4*h. What is the remainder when v is divided by h?
1
Let x(w) = -w**2 - 10*w - 8. Let j be x(-7). Let f = j - 18. Let n(k) = -k + 7. Calculate the remainder when 35 is divided by n(f).
11
Let t be ((-210)/8)/(57/(-152)). Suppose -8 = j + 40. Let l = j + t. What is the remainder when l is divided by 12?
10
Suppose 46 = k + 11. Let d = -19 - -31. What is the remainder when k is divided by d?
11
Let u = 115 - 12. What is the remainder when u is divided by 21?
19
Let y be -1 + 0 + 2 + 1. Suppose u = -y*u + 24. Let d(a) = a**2 + a + 2. Calculate the remainder when d(-5) is divided by u.
6
Let w = 13 + 6. What is the remainder when 71 is divided by w?
14
Let r(f) = 2*f**2 - f + 2. Let o(c) = 3*c + 4. Calculate the remainder when r(4) is divided by o(4).
14
Suppose -8*t + 29 = -147. Calculate the remainder when t is divided by (2/(-4))/(2/(-24)).
4
Let b(j) = -2*j + 10. Suppose -5*k + 166 + 289 = 0. Let c = k - 61. What is the remainder when c is divided by b(-3)?
14
Suppose -4*y = -h + 4, -5*y + 5*h = -y - 12. Let x be y*7*(-1)/(-2). Let b = x + 13. Calculate the remainder when b is divided by 4.
2
Let k(m) = -10*m**2 + 3 + 1 + 6 - m**3 + m + 10*m. What is the remainder when k(-11) is divided by 6?
4
Let r = -4 - -4. Suppose 2*t - 32 = -3*h, -3*t + 4*h + 87 - 22 = r. Suppose t = 2*a + l, -5*a + 5*l + 3 = -37. Calculate the remainder when a is divided by 5.
4
Let b = 43 + -19. Let p(c) = -c**3 + 6*c**2 - 5*c + 3. Let j be p(5). Suppose 5*y = l - 8, 0 = l - 0*y + j*y - 16. What is the remainder when b is divided by l?
11
Let o(t) = -3*t - 5. Let d(w) = -w**3 + 5*w**2 + 5*w. Let z be d(6). Let g = 10 - 6. What is the remainder when o(z) is divided by g?
1
Let x = 4 - -6. Calculate the remainder when 17 is divided by x.
7
What is the remainder when -61*(-1)/(6/18) is divided by 63?
57
Suppose 96 = -z + 3*z. Calculate the remainder when 187 is divided by z.
43
Let g = -6 - -8. Suppose -r + g*v + 16 = -1, 5*v + 11 = -r. What is the remainder when 26 is divided by r?
8
Suppose -3*o - 2*o = -l + 37, 2*l = 4*o + 44. Suppose 5*g + w = 348, 0*g - 72 = -g + w. Let v = -48 + g. Calculate the remainder when v is divided by l.
10
Let j(y) = -y**2 - 5*y + 2. Let t be j(-5). Let l(p) = p**3 + 4*p**t + 2*p**2 + 2 - p**2 + 2*p**2 - p. What is the remainder when 25 is divided by l(-7)?
7
Let w be 12/54 - (-176)/18. Suppose 3*q - 15 = 0, 2*r - 5*q = -w + 51. Calculate the remainder when r is divided by 12.
9
Suppose -3*s = -b + 14, 3*s = 5*b - 22 - 0. Suppose k - 13 = -b. Calculate the remainder when k is divided by 3.
2
Suppose 3*f = -2*f + 15. Suppose -f*m + 28 + 17 = 0. Suppose 5*n = -3*z + 14, z - 3*z - 4*n = -8. Calculate the remainder when m is divided by z.
7
Let q(g) = -g**3 - g**2 - g - 9. Let s be 1 - (-1)/2*-2. Let d be q(s). Let f(o) = -5*o - 11. What is the remainder when f(d) is divided by 12?
10
Suppose -72 = -4*v + 5*s, 2*s = -4*v + 19 + 53. Suppose -2*m - 3*x + 20 = x, 0 = 3*m - 3*x - 30. Calculate the remainder when v is divided by m.
8
Suppose -4*l + 3*b + 2 = -3*l, -2*l - 2*b = -12. Suppose 0 = 2*a - 19 - l. What is the remainder when (-117)/(-5) + (-2)/5 is divided by a?
11
Suppose 4 - 37 = -3*b. Let g = 13 - b. Let l(q) = -q**2 + 3*q + 2. What is the remainder when l(3) is divided by g?
0
Let z(t) = -t**3 + 13*t**2 + 13*t + 23. Calculate the remainder when 15 is divided by z(14).
6
Suppose 5*y = -19 - 31. Let p = 14 + y. What is the remainder when 10 is divided by p?
2
Suppose 18 = 4*x - 6. Let d = 9 - -2. Calculate the remainder when d is divided by x.
5
Suppose 0 = 5*g - 3*g - p - 72, -96 = -2*g - 5*p. What is the remainder when g is divided by 10?
8
Let b(i) = 8*i + 3. Let v be b(5). Calculate the remainder when v + 0 + (-12)/(-4) is divided by 16.
14
Let i(c) = c**3 + 2*c**2 - 3*c - 6. Let x be i(5). Calculate the remainder when 59 is divided by x/10 + 10/(-25).
14
Let d = -32 + 73. What is the remainder when d is divided by 14?
13
What is the remainder when 12 is divided by (15/(-4) - (-7)/(-28)) + 12?
4
Let z(t) = 6*t - 23. What is the remainder when 153 is divided by z(9)?
29
Suppose 5 = 4*d - 19. Calculate the remainder when (d/(-12))/((-2)/124) is divided by (-10 - 1)*(-2 + 1).
9
Let c(p) = p**3 - 10*p**2 - 2*p + 4. Let v be c(10). Let k = v - -30. What is the remainder when k is divided by 8?
6
Let o(v) = v**3 - 3*v**2 - v - 1. What is the remainder when 19 is divided by o(4)?
8
What is the remainder when 152 is divided by 3/((-30)